0 + 1)*(-4 + 1 + 20). Calculate the greatest common factor of b and k.
17
Let a = 18 + -13. Suppose -2*q + a*g = -68, -5*q + 3*g = -115 - 74. Calculate the greatest common factor of q and 26.
13
Suppose -34*s + 308 = -12*s. Suppose -4*q - 3*n + 4 = 0, -3*q = 2*q - n - 24. Suppose c - 175 = -q*c. Calculate the highest common factor of c and s.
7
Let v be (-8)/((-64)/(-12))*(-3 - -1). Calculate the greatest common divisor of v and 27.
3
Let p = 18 - 6. Let a be 97/(3/3) + -2. Suppose -a = -3*i - 5. Calculate the highest common factor of i and p.
6
Let j = -5 - -10. Suppose 40 + 40 = j*i. What is the greatest common factor of 48 and i?
16
Suppose 0 = 4*z + 5*m - 17, 4*m - 1 + 0 = z. Suppose -z*p + 0*p = -51. Calculate the greatest common divisor of 136 and p.
17
Suppose 5*f - 3*z = 1508, 4*f - 6*f = -3*z - 596. What is the greatest common divisor of 38 and f?
38
Suppose 2*z - 4*z + 18 = 0. What is the highest common factor of z and 18?
9
Suppose -25*n - 140 = -30*n. What is the greatest common factor of n and 280?
28
Let s = -19 + 109. What is the highest common divisor of s and 10?
10
Suppose -4*o + 4*k + 0*k + 64 = 0, -28 = -o - 2*k. Calculate the greatest common factor of o and 100.
20
Let q be (-18 - 0)*4/(-12). Suppose -100 = -q*n + n. What is the greatest common divisor of 8 and n?
4
Let v = -4 + 9. Let j(a) = a**2 + 2*a + 4 - 2 + 0 + 0. Let b be j(-4). What is the highest common factor of v and b?
5
Let g be ((-4)/(-8))/(4/136). Calculate the greatest common factor of 119 and g.
17
Suppose 11*o - 358 = -17. What is the highest common divisor of 248 and o?
31
Suppose -2*r = r - 42. Let x(z) = 246*z + 1. Let b be x(1). Suppose -5*w - b = -877. Calculate the highest common factor of w and r.
14
Let p = 3 + 12. Suppose -5*u + 90 = -q + 6*q, 4*u - 3*q - 107 = 0. Suppose -u = -3*h - 4*k, 10 = 3*h + 3*k - 11. What is the greatest common factor of p and h?
5
Let i = -94 - -96. What is the highest common factor of 14 and i?
2
Suppose -d - 3*k + 22 = 0, -2*k - 90 = -5*d - 7*k. Calculate the greatest common factor of d and 24.
8
Suppose -5*o + 137 + 40 = g, -3*g + 99 = 3*o. What is the greatest common factor of 63 and o?
9
Let b = 16 - 14. What is the highest common divisor of b and 2?
2
Suppose 0 = 3*d + 6, 0*y = -3*y + 2*d + 7. Suppose c - 2*c - 45 = -4*w, 0 = w - 5*c - 16. What is the highest common divisor of y and w?
1
Let u(r) = -r - 4. Let y be u(-7). Suppose -1 + 7 = y*x. Let z be x/((3 - 6)/(-72)). Calculate the highest common divisor of z and 8.
8
Let p = 9 + -6. Suppose -p*y = -4*y - 20. Let v = -11 - y. What is the greatest common factor of v and 63?
9
Let m(s) = 3*s + 9*s - 4*s - 8. Let o be m(10). What is the highest common divisor of o and 9?
9
Let z be 27*(-2)/4*-6. Calculate the greatest common divisor of z and 9.
9
Let j = 535 - 304. Calculate the highest common factor of 33 and j.
33
Suppose 30 = 3*j - i, -3*j - 5*i + 2*i + 42 = 0. Let x be (-32)/14 - 6/(-21). Let w be (1/3)/(x/(-66)). What is the highest common divisor of w and j?
11
Suppose -5*t + 0*w + 76 = 4*w, 0 = -2*t - 3*w + 36. What is the greatest common factor of t and 4?
4
Let c = -83 + 131. Calculate the greatest common divisor of 120 and c.
24
Let j be 38 + 17 + (0 + -1)*-2. Calculate the highest common divisor of 19 and j.
19
Let a be -1 - (2 + (-1 - 1)). Let k be (-2)/(a + 0) - -12. Suppose -3*y - 21 = -4*y. What is the highest common divisor of k and y?
7
Suppose 8 = 2*y + 6. Let p be 27/2 - y/(-2). What is the highest common divisor of p and 7?
7
Let h be 0 - (-9)/((-36)/(-40)). Suppose -3*w + h = v - 2, w = 2*v - 38. Calculate the highest common factor of v and 27.
9
Suppose 3*k = -r - 2*r + 33, 0 = 5*k - 4*r - 10. Suppose -4*j + 2 + k = 0. Suppose -j*d = -18 + 6. What is the greatest common divisor of d and 48?
6
Suppose 0 = 4*f - 8. Suppose -f*k - k + 180 = 0. What is the greatest common factor of k and 12?
12
Suppose 0*d - 3*d - 3*b - 6 = 0, 2*b = 3*d - 4. Let r(a) = -a - 1. Let o be r(-5). Suppose -o*f = -d - 8. What is the greatest common divisor of 10 and f?
2
Let b = -151 - -264. Suppose -2*f = 3*q - 86, b = 4*q - 5*f + 29. Calculate the greatest common divisor of q and 26.
26
Suppose 0 = -0*h + 2*h. Suppose -4*f + 15 = 3*g - 0*g, h = 2*f + 3*g - 9. Let n = 66 + -45. What is the greatest common divisor of f and n?
3
Suppose -189 = 8*o - 11*o. Calculate the highest common divisor of 7 and o.
7
Suppose 0 = -5*p + 2*y - 17, 5*p + 2*y = 6*y - 19. Let x be (-4)/12 - 10/p. Calculate the highest common divisor of x and 12.
3
Let o(w) = w**3 - 9*w**2 - 7*w - 25. Let p be o(11). What is the highest common divisor of 35 and p?
35
Let h = -10 - -22. Let d = 9 - 3. Calculate the highest common divisor of h and d.
6
Suppose 4*r = 2*r + 6, 3*a - 6 = 2*r. Suppose 5*g = -0*z - 5*z, -12 = a*z. Let y be g/(-6)*4*-1. What is the highest common divisor of 2 and y?
2
Suppose 4*o - 2*v - 302 = -0*o, -o + 3*v + 78 = 0. Calculate the greatest common divisor of 30 and o.
15
Let c = 74 + -72. Calculate the greatest common factor of c and 16.
2
Let m be 11/22*(-2 + 24). Calculate the highest common divisor of 22 and m.
11
Let a be ((-153)/(-3) - -1) + -2. What is the greatest common divisor of 10 and a?
10
Let q = -6 - -8. What is the greatest common divisor of q and 22?
2
Suppose -3*o = -4*z - 204, -2*o - 3*z - 73 = -3*o. Let a = 7 + 9. Calculate the greatest common factor of o and a.
16
Let x = 15 - 10. What is the highest common divisor of x and 5?
5
Suppose 2*k = 4 + 6. Suppose k = y - 12. What is the highest common divisor of 153 and y?
17
Let c be 9*2*(-8 + 9). Let g(d) = 2*d**2 + 2*d + 3. Let p be g(3). What is the highest common factor of c and p?
9
Let f(o) = o. Let s(i) = 3*i - 3. Let x be s(3). Let m be f(x). Let b be 1/((-2)/((-324)/3)). Calculate the highest common divisor of b and m.
6
Suppose -3*q = 3*y, q + 4*y = -4*q + 1. Let c(i) = -q - 4 + 3 - 2*i + i**2 - 2. Let x be c(5). Calculate the highest common divisor of x and 77.
11
Suppose -b - 2*x - x = -13, 5*x = -2*b + 23. Suppose -3*z = -3*s + 89 + b, 0 = -5*s - 2*z + 190. What is the highest common divisor of s and 4?
4
Let j be 62/10 - (-1)/(-5). Let r be (-9)/(j + -3) + 9. Calculate the greatest common divisor of r and 42.
6
Let n(r) = r + 6. Let w be n(-3). Suppose -3 - 3 = -3*d, 0 = -3*c - w*d + 198. Calculate the highest common factor of c and 16.
16
Suppose -4*l + 5*p = -240, l + 6 = p + 66. Calculate the highest common factor of l and 84.
12
Let z(m) = -m - 1. Let l be z(-4). Let h = 0 + l. What is the highest common divisor of 3 and h?
3
Suppose 0 = 5*s - 10 - 10. Let u be ((-3)/9)/(5/(-240)). What is the highest common factor of u and s?
4
Let z be (4 - (-13)/(-1))*(-1)/3. Calculate the highest common factor of z and 12.
3
Let n be (2/(-6))/(3/(-1431)). Suppose -5*q + n = -41. What is the greatest common divisor of q and 5?
5
Let g(s) = -13*s + 3. Let x be g(-4). Suppose 2*j - 82 - 26 = 0. Let l = j - 32. What is the highest common factor of l and x?
11
Suppose -181 - 127 = -4*d. Suppose d = f - 3. What is the highest common divisor of 10 and f?
10
Let j = -9 + 2. Let q(c) = -c**3 - c**2 + c + 13. Let d be q(0). Let k = d + j. Calculate the highest common factor of 30 and k.
6
Let z = -3 - -3. Let u be z/1 - 121/(-1). What is the greatest common divisor of u and 11?
11
Suppose -52 = -2*p - 2*p - 2*z, 3*p - 41 = -2*z. Calculate the highest common factor of p and 44.
11
Let w(t) = 2*t - 8. Let g(b) = -b + 7. Let s(l) = 5*g(l) + 4*w(l). Let j be s(3). Calculate the highest common divisor of 12 and j.
12
Let m = 24 - 15. Let v = 9 + 0. Calculate the highest common divisor of v and m.
9
Suppose -5 = -c + 7. Suppose 3*k = -g + 101 - 2, -3*g - 165 = -5*k. Let o be 4/6*(k - -3). What is the greatest common factor of o and c?
12
Let c be (-49)/35 - (-4)/10. Let p be c/(-3) + (-132)/(-9). Calculate the highest common divisor of p and 75.
15
Let v = 23 - 18. Suppose 0 = v*r - 9*r + 160. What is the highest common factor of r and 20?
20
Suppose -294 + 6 = 4*r. Let k = 248 + r. Calculate the greatest common divisor of k and 22.
22
Let r = 4 - 11. Let j = r + 10. Let q = 6 + -3. Calculate the highest common divisor of q and j.
3
Let v = -73 - -77. Calculate the greatest common factor of v and 32.
4
Suppose -3*k + 2*